{"id":9,"date":"2020-07-02T18:22:25","date_gmt":"2020-07-02T18:22:25","guid":{"rendered":"http:\/\/fewo-preisinger.de\/?page_id=9"},"modified":"2020-10-07T07:41:58","modified_gmt":"2020-10-07T07:41:58","slug":"ueber-uns","status":"publish","type":"page","link":"https:\/\/fewo-preisinger.de\/?page_id=9","title":{"rendered":"\u00dcber uns"},"content":{"rendered":"\n<p>Liebe Besucher unserer Internetseite, wir w\u00fcrden uns freuen, Sie als G\u00e4ste in unserer Ferienwohnung begr\u00fc\u00dfen zu d\u00fcrfen.<\/p>\n\n\n\n<p>Elisabeth und Johann Preisinger<\/p>\n\n\n\n<div class=\"wp-block-image\"><figure class=\"alignleft size-large is-resized\"><img loading=\"lazy\" decoding=\"async\" src=\"http:\/\/fewo-preisinger.de\/wp-content\/uploads\/2020\/07\/Fewo-Besitzer-2-web-e1595531777345-1024x609.jpg\" alt=\"Ferienwohnung, Allg\u00e4u, Besitzer, Betreiber, Sommer, Ferien, Wohnung, Miete, Mindelheim, Westernach, Unterallg\u00e4u\" class=\"wp-image-736\" width=\"512\" height=\"305\" srcset=\"https:\/\/fewo-preisinger.de\/wp-content\/uploads\/2020\/07\/Fewo-Besitzer-2-web-e1595531777345-1024x609.jpg 1024w, https:\/\/fewo-preisinger.de\/wp-content\/uploads\/2020\/07\/Fewo-Besitzer-2-web-e1595531777345-300x178.jpg 300w, https:\/\/fewo-preisinger.de\/wp-content\/uploads\/2020\/07\/Fewo-Besitzer-2-web-e1595531777345-768x457.jpg 768w, https:\/\/fewo-preisinger.de\/wp-content\/uploads\/2020\/07\/Fewo-Besitzer-2-web-e1595531777345-1536x913.jpg 1536w, https:\/\/fewo-preisinger.de\/wp-content\/uploads\/2020\/07\/Fewo-Besitzer-2-web-e1595531777345.jpg 1816w\" sizes=\"auto, (max-width: 512px) 100vw, 512px\" \/><\/figure><\/div>\n","protected":false},"excerpt":{"rendered":"<p>Liebe Besucher unserer Internetseite, wir w\u00fcrden uns freuen, Sie als G\u00e4ste in unserer Ferienwohnung begr\u00fc\u00dfen zu d\u00fcrfen. Elisabeth und Johann Preisinger<\/p>\n","protected":false},"author":1,"featured_media":0,"parent":0,"menu_order":0,"comment_status":"closed","ping_status":"closed","template":"","meta":{"footnotes":""},"class_list":["post-9","page","type-page","status-publish","czr-hentry"],"_links":{"self":[{"href":"https:\/\/fewo-preisinger.de\/index.php?rest_route=\/wp\/v2\/pages\/9","targetHints":{"allow":["GET"]}}],"collection":[{"href":"https:\/\/fewo-preisinger.de\/index.php?rest_route=\/wp\/v2\/pages"}],"about":[{"href":"https:\/\/fewo-preisinger.de\/index.php?rest_route=\/wp\/v2\/types\/page"}],"author":[{"embeddable":true,"href":"https:\/\/fewo-preisinger.de\/index.php?rest_route=\/wp\/v2\/users\/1"}],"replies":[{"embeddable":true,"href":"https:\/\/fewo-preisinger.de\/index.php?rest_route=%2Fwp%2Fv2%2Fcomments&post=9"}],"version-history":[{"count":10,"href":"https:\/\/fewo-preisinger.de\/index.php?rest_route=\/wp\/v2\/pages\/9\/revisions"}],"predecessor-version":[{"id":1006,"href":"https:\/\/fewo-preisinger.de\/index.php?rest_route=\/wp\/v2\/pages\/9\/revisions\/1006"}],"wp:attachment":[{"href":"https:\/\/fewo-preisinger.de\/index.php?rest_route=%2Fwp%2Fv2%2Fmedia&parent=9"}],"curies":[{"name":"wp","href":"https:\/\/api.w.org\/{rel}","templated":true}]}}

Über uns

<p>Liebe Besucher unserer Internetseite, wir würden uns freuen, Sie als Gäste in unserer Ferienwohnung begrüßen zu dürfen.</p>



<p>Elisabeth und Johann Preisinger</p>



<div class="wp-block-image"><figure class="alignleft size-large is-resized"><img loading="lazy" decoding="async" src="http://fewo-preisinger.de/wp-content/uploads/2020/07/Fewo-Besitzer-2-web-e1595531777345-1024x609.jpg" alt="Ferienwohnung, Allgäu, Besitzer, Betreiber, Sommer, Ferien, Wohnung, Miete, Mindelheim, Westernach, Unterallgäu" class="wp-image-736" width="512" height="305" srcset="https://fewo-preisinger.de/wp-content/uploads/2020/07/Fewo-Besitzer-2-web-e1595531777345-1024x609.jpg 1024w, https://fewo-preisinger.de/wp-content/uploads/2020/07/Fewo-Besitzer-2-web-e1595531777345-300x178.jpg 300w, https://fewo-preisinger.de/wp-content/uploads/2020/07/Fewo-Besitzer-2-web-e1595531777345-768x457.jpg 768w, https://fewo-preisinger.de/wp-content/uploads/2020/07/Fewo-Besitzer-2-web-e1595531777345-1536x913.jpg 1536w, https://fewo-preisinger.de/wp-content/uploads/2020/07/Fewo-Besitzer-2-web-e1595531777345.jpg 1816w" sizes="auto, (max-width: 512px) 100vw, 512px" /></figure></div>

<p>Liebe Besucher unserer Internetseite, wir würden uns freuen, Sie als Gäste in unserer Ferienwohnung begrüßen zu dürfen. Elisabeth und Johann Preisinger</p>
